f
What is -595 (base 10) in base 12?
-417
11000001 (base 3) to base 15
ce7
-692 (base 14) to base 9
-1708
Convert -242 (base 8) to base 13.
-c6
What is -154 (base 16) in base 14?
-1a4
What is 100001001 (base 2) in base 12?
1a1
-22001220 (base 4) to base 8
-120150
What is 1110 (base 2) in base 14?
10
Convert 545 (base 6) to base 3.
21202
Convert -133120 (base 6) to base 16.
-3048
Convert -55112 (base 7) to base 10.
-13778
Convert -133221 (base 4) to base 2.
-11111101001
What is -1b4 (base 14) in base 4?
-11202
What is 4507 (base 13) in base 7?
40051
Convert 16006 (base 9) to base 16.
2abd
Convert -2b17 (base 12) to base 8.
-11703
Convert 11da (base 15) to base 11.
294a
Convert -3324 (base 12) to base 8.
-13014
830 (base 15) to base 14
95b
-359 (base 12) to base 14
-27b
-200010201 (base 3) to base 14
-4b66
What is -8454 (base 9) in base 15?
-1c8a
Convert a4 (base 14) to base 6.
400
Convert -1b1b7 (base 14) to base 16.
-10d5d
Convert -22553 (base 9) to base 16.
-3ab9
6b9d (base 14) to base 10
18759
What is 1b2 (base 16) in base 3?
121002
What is 5406 (base 7) in base 12?
1139
Convert -2414 (base 5) to base 10.
-359
What is 16416 (base 12) in base 2?
111101111010010
Convert a94 (base 12) to base 4.
120100
Convert -155207 (base 8) to base 12.
-2845b
Convert -7080 (base 9) to base 7.
-21042
What is 22123 (base 4) in base 5?
10132
What is 2310 (base 4) in base 9?
220
-cb (base 16) to base 11
-175
-1b5b (base 12) to base 8
-6467
What is 71ac (base 13) in base 15?
49b0
What is -867 (base 14) in base 11?
-1279
Convert -50a5 (base 15) to base 16.
-4286
-1032 (base 12) to base 3
-2102102
-1845 (base 10) to base 12
-1099
250 (base 7) to base 11
111
What is 4030 (base 8) in base 5?
31242
What is 548 (base 12) in base 3?
1001202
Convert 125 (base 7) to base 2.
1000100
-2022011000 (base 3) to base 6
-545430
-43 (base 9) to base 3
-1110
What is 1101001100 (base 2) in base 8?
1514
Convert -145 (base 16) to base 9.
-401
Convert -3456 (base 14) to base 2.
-10001110000100
-5538 (base 10) to base 4
-1112202
What is 5ad8 (base 15) in base 7?
110231
-460 (base 9) to base 6
-1430
Convert -1100100111111 (base 2) to base 13.
-2c32
Convert 10301022 (base 4) to base 8.
46112
-5693 (base 13) to base 4
-2331113
Convert -7a4 (base 12) to base 2.
-10001101100
What is -119 (base 15) in base 3?
-100020
Convert 1132133 (base 4) to base 8.
13637
Convert bcdd (base 15) to base 3.
2000220201
What is 2041 (base 5) in base 9?
331
-b5 (base 15) to base 11
-145
-10130400 (base 5) to base 16
-14519
What is 73b (base 15) in base 11?
1253
-11044 (base 6) to base 12
-a84
What is 245353 (base 6) in base 12?
10859
Convert -100013 (base 4) to base 13.
-614
796 (base 10) to base 8
1434
What is 147120 (base 9) in base 8?
260577
13da (base 15) to base 14
179d
545 (base 13) to base 6
4102
What is -10101100 (base 3) in base 10?
-2466
What is -1112012 (base 3) in base 2?
-10001011000
-693 (base 10) to base 6
-3113
-24024 (base 7) to base 11
-471a
What is 33133312 (base 4) in base 6?
1205514
What is -1001100010 (base 2) in base 5?
-4420
-65b9 (base 13) to base 7
-56224
152 (base 9) to base 3
11202
Convert a60 (base 12) to base 15.
6ac
Convert -329 (base 14) to base 5.
-10000
-206b (base 13) to base 11
-3406
-23320 (base 4) to base 14
-3c4
-2657 (base 10) to base 6
-20145
Convert -132214 (base 5) to base 6.
-40325
-bd7 (base 14) to base 9
-3185
What is -1972 (base 14) in base 4?
-1020000
11064 (base 14) to base 16
a120
Convert 22120 (base 3) to base 16.
e7
306 (base 16) to base 7
2154
-1241 (base 6) to base 10
-313
Convert -1001010111 (base 2) to base 8.
-1127
Convert -20241 (base 5) to base 7.
-3565
What is 214222 (base 5) in base 14?
29d3
2501 (base 11) to base 16
cc4
What is 207 (base 15) in base 5?
3312
-5a10 (base 16) to base 5
-1214211
Convert -10100111110 (base 2) to base 9.
-1751
4255 (base 10) to base 5
114010
Convert 176 (base 11) to base 16.
cc
Convert -8283 (base 10) to base 2.
-10000001011011
What is -41413 (base 5) in base 8?
-5255
What is 20020002 (base 4) in base 5?
2031112
Convert -59 (base 14) to base 2.
-1001111
1122110201 (base 3) to base 16
7ea3
Convert -56859 (base 10) to base 8.
-157033
What is -101100011000 (base 2) in base 6?
-21052
1051112 (base 6) to base 16
d094
What is -57 (base 16) in base 3?
-10020
What is -6d5 (base 14) in base 6?
-10151
Convert 234042 (base 6) to base 4.
10331222
What is 250 (base 10) in base 12?
18a
43a8 (base 12) to base 3
101020202
Convert da7 (base 14) to base 7.
10600
What is 2432 (base 6) in base 11?
4a2
Convert -735 (base 8) to base 9.
-580
Convert 1100010011110 (base 2) to base 14.
2422
420 (base 12) to base 6
2440
Convert -2001001 (base 3) to base 12.
-a3a
Convert -1838 (base 14) to base 10.
-4362
-54273 (base 8) to base 15
-6ae5
-1111010000111010 (base 2) to base 4
-33100322
What is 615 (base 7) in base 5?
2211
What is 362 (base 9) in base 8?
453
What is -1128 (base 15) in base 4?
-320312
What is -100001210 (base 3) in base 8?
-14721
Convert -14 (base 8) to base 7.
-15
Convert 104221 (base 5) to base 15.
115b
Convert -1216 (base 7) to base 6.
-2034
What is -113445 (base 6) in base 11?
-7484
What is 1473 (base 14) in base 8?
7055
What is 2400 (base 6) in base 16?
240
What is 276 (base 13) in base 14?
231
100001110101 (base 2) to base 8
4165
232203 (base 4) to base 3
11002100
What is 2685 (base 9) in base 5?
31041
31620 (base 7) to base 11
59a0
What is 4341 (base 5) in base 12?
418
-222432 (base 5) to base 7
-31636
353 (base 10) to base 4
11201
Convert 22020121 (base 3) to base 5.
143020
What is -10000112 (base 3) in base 10?
-2201
6926 (base 14) to base 13
840a
-5125 (base 7) to base 11
-1381
What is 2284 (base 11) in base 9?
4088
38 (base 11) to base 12
35
-984 (base 14) to base 11
-145a
-15454 (base 6) to base 10
-2554
Convert -167 (base 8) to base 11.
-a9
Convert -281 (base 15) to base 2.
-1000111011
Convert 220303 (base 5) to base 11.
576a
Convert 5bb6 (base 13) to base 5.
403433
Convert 620 (base 7) to base 12.
218
Convert -115125 (base 6) to base 14.
-3a0d
7256 (base 13) to base 10
15788
What is 111302 (base 4) in base 7?
4031
8982 (base 11) to base 5
334302
1567 (base 10) to base 8
3037
-4603 (base 7) to base 14
-873
2c5b (base 16) to base 3
120120120
Convert -111000120 (base 3) to base 8.
-22424
Convert -567 (base 12) to base 8.
-1437
What is -1275 (base 15) in base 7?
-14321
2994 (base 13) to base 3
22021120
20120111 (base 3) to base 7
16654
What is -ed (base 15) in base 4?
-3133
Convert -3413 (base 7) to base 10.
-1235
Convert 2225 (base 6) to base 8.
1011
-2b2 (base 14) to base 15
-268
What is 377 (base 15) in base 9?
1064
What is -26 (base 10) in base 11?
-24
What is 300130 (base 4) in base 5?
44400
-1013113 (base 4) to base 16
-11d7
Convert -6a (base 11) to base 15.
-51
Convert -712 (base 13) to base 16.
-4ae
-9388 (base 12) to base 5
-1003323
Convert 14222 (base 5) to base 13.
704
-4552 (base 6) to base 14
-56c
Convert 223355 (base 6) to base 15.
5925
What is 13323321 (base 4) in base 11?
22470
-7537 (base 8) to base 3
-12101202
What is 208 (base 9) in base 5?
1140
Convert 2169 (base 12) to base 4.
321201
1001100010010111 (base 2) to base 7
221613
What is 988 (base 10) in base 8?
1734
b64b (base 14) to base 7
160424
Convert -26247 (base 8) to base 13.
-5284
Convert 202010 (base 3) to base 12.
393
2411 (base 11) to base 6
22342
What is -1ad (base 15) in base 13?
-23b
575 (base 9) to base 10
473
What is -111100011 (base 2) in base 11?
-3aa
What is -322 (base 14) in base 11?
-512
Convert -ac (base 13) to base 3.
-12021
101001110 (base 2) to base 9
411
Convert 1000101010011 (base 2) to base 5.
120220
280 (base 10) to base 15
13a
Convert 100322 (base 4) to base 12.
762
15430 (base 6) to base 15
b43
Convert b1 (base 13) to base 16.
90
Convert 1958 (base 12) to base 16.
c14
2544 (base 10) to base 5
40134
What is 16146 (base 8) in base 14?
2914
Convert 3c7 (base 16) to base 5.
12332
Convert -6910 (base 10) to base 15.
-20aa
42cb (base 14) to base 8
26433
Convert -135206 (base 8) to base 3.
-2102111112
2266 (base 10) to base 11
1780
Convert 44600 (base 7) to base 4.
2300012
Convert 253320 (base 7) to base 3.
2101012200
Convert 2403201 (base 5) to base 13.
17152
Convert -2513 (base 7) to base 14.
-4b3
What is 1b1 (base 12) in base 3?